 t(u) = -4*u - 7. Let z(o) = -3*q(o) + 4*t(o). Let a = -111 + 99. List the prime factors of z(a).
41
Let l(n) = -2460*n + 5. Let w be l(-1). Suppose -5*b = -4*g - 3079, -w = -4*b - g + 6*g. Suppose 5*h - b = -z, -h - z + 0*z = -127. List the prime factors of h.
2, 61
Let a(z) = -z**3 - 2*z**2 - z - 9. Let w be a(-3). Suppose -4*s - w*b + 2368 = 825, 3*b + 1152 = 3*s. What are the prime factors of s/9 + (-32)/(-144)?
43
Suppose -47*u - 169 - 1053 = 0. Let m(q) = -q**2 + 9*q - 7. Let c be m(5). List the prime factors of 4/u - (-899)/c.
3, 23
Let h be (-12*(-6)/(-6))/(-2). Let d(y) = 6*y - 3. What are the prime factors of d(h)?
3, 11
Suppose 2*b = -t - 4, t = 4*b + b - 4. Suppose -n + 8*n - 28 = b. Suppose n*p - 185 - 411 = 0. What are the prime factors of p?
149
Suppose 5 = 5*k + 14*g - 16*g, -25 = -5*g. Suppose 0 = u + k*v - 79, 0*u = -5*u - 5*v + 345. List the prime factors of u.
2
Let x be (-4*(-15)/(-18))/(8/(-12)). Suppose x*n - 49 = -9. What are the prime factors of (n/(-1 - 7))/((-1)/112)?
2, 7
What are the prime factors of (45/54 + (-3)/9)*4434?
3, 739
Let u(q) = 462*q + 1244. What are the prime factors of u(10)?
2, 733
Suppose 0 = -4*v - 2*d - 6, v + 5*d = 8 - 23. Suppose 6 = -y - 2*n, v*y - 6 = -y + n. List the prime factors of y/(-2) + 5 - -30.
2, 17
Let z = -197 + 198. List the prime factors of 3/(-9)*(362 - z)*-6.
2, 19
What are the prime factors of 28/(-14) + 8180 + 0/(-5)?
2, 3, 29, 47
Let m(p) = 33*p**3 + 7*p + 17 - 8*p**2 + 32*p**3 - 68*p**3. What are the prime factors of m(-6)?
5, 67
Let z(y) = y**2 - 13*y - 12. Suppose -15 = -c + 4*j + j, -5*j - 30 = -4*c. Suppose 3*i = -4*m + 61, -c*m = -m + 4*i - 60. What are the prime factors of z(m)?
2, 3
Let f(d) = 11*d + 9. Let c be f(7). Let r = 113 - 45. Suppose -2*i + r + c = 0. What are the prime factors of i?
7, 11
Let i(g) = -2*g + 22. Let m be i(6). List the prime factors of (((-3318)/(-5))/(-6))/((-2)/m).
7, 79
Suppose -18*b = -12657 - 212815 - 62078. What are the prime factors of b?
3, 5, 71
Suppose 2*x = -0*x + 44. Suppose x = -2*d - 22. Let k = d - -54. What are the prime factors of k?
2
Let p(t) = 41*t**3 + t**2 - t - 1. Let a be p(-1). Let w = 329 - a. What are the prime factors of w?
3, 41
What are the prime factors of 754*(((-29)/(-2) - 4) + 10)?
13, 29, 41
Let q = 6 + 14. Let u be (-3 - (-11 + 7 + -8)) + -4. Suppose -2340 = u*s - q*s. List the prime factors of s.
2, 3, 13
Let f = 109 + -107. Suppose i - 1151 = 15*a - 11*a, -f*a = 5*i - 5645. List the prime factors of i.
3, 13, 29
Let s = 120 - 470. List the prime factors of (-4)/(-10) + (-204960)/s.
2, 293
Let l(m) = -26*m - 11. Let x be l(-1). List the prime factors of (-2 - 3)/(x/(-3387)).
1129
Let v(r) = -3*r - 34. Let l be v(-15). Suppose -5 = -3*q + 5*t, -q + 2*t - 5*t + l = 0. What are the prime factors of ((-24)/q - 4)/(2/(-45))?
2, 3, 11
Let z(s) = s**3 - 20*s**2 - 45*s + 29. Let a be z(22). Let t = -3 - -5. What are the prime factors of -3*t/4*(-70)/a?
3, 5
Let g = -46 + 34. Let m be 3/g*-4 - -1 - 13. Let k(v) = -7*v + 26. List the prime factors of k(m).
103
Let a(m) = -m - 1. Let b(n) = -5*n - 6. Let y(c) = 4*a(c) - b(c). Let u be y(3). Suppose -7 - 8 = 5*s, -3*x = u*s - 84. What are the prime factors of x?
3, 11
Let k(h) = 13*h + 2. Let o be k(0). What are the prime factors of ((-2022)/o)/((-36)/12)?
337
Let h be (-1)/(((-5)/(-15))/(-1)). Suppose -h*x - 2*k + 2502 = 0, -3*k + 697 = x - 130. Suppose 0 = -n - 3*n + x. What are the prime factors of n?
11, 19
Suppose -5*f = 4*a - 5*a - 4095, a = 0. Let i = -432 + f. List the prime factors of i.
3, 43
Suppose -5*z + 103 = -17. Suppose 2*r - 4*u = z, u = -2*u - 15. Suppose -4*i - i + 51 = 2*m, -91 = -r*m + 3*i. List the prime factors of m.
2, 19
What are the prime factors of (-20 + 23)/(3/8354)?
2, 4177
Suppose 31*c - 210456 = 13*c. List the prime factors of c.
2, 37, 79
Suppose 3*h = 5*i - 10515 + 56596, -2*h + 30727 = 3*i. What are the prime factors of h?
2, 7681
Let o be ((-621)/36)/(5/(-20)). Suppose -2*h + 3 = -h. Suppose 0*b + h*b - o = 0. List the prime factors of b.
23
Let o(i) = i + 306. Let u be 1*(2 + -1 + -1). Let n be o(u). List the prime factors of n/16 - (-2)/(-16).
19
Suppose 153 = -f + 18*f. Let l(s) = 12*s + 23. What are the prime factors of l(f)?
131
Suppose 0 = -y + 935 + 542. List the prime factors of y.
7, 211
Suppose -608*f - 171506 = -618*f + 456994. What are the prime factors of f?
2, 3, 5, 419
Let c be (-7)/(49/2) + 326/14. Let g = 15 - c. Let n(l) = 3*l**2 + 20*l + 9. What are the prime factors of n(g)?
41
What are the prime factors of (2928*1/(-2))/(3/(-26))?
2, 13, 61
Let h = 689 - 547. Suppose 0 = 9*o - 2194 + h. What are the prime factors of o?
2, 3, 19
Let v be (0 - (-7 - -10)) + 1 + 9. Suppose -9*i + 6880 = v*i. List the prime factors of i.
2, 5, 43
Let a(y) = y**2 + 13*y + 15. Let c be a(-12). Suppose -c*z - 5*t = -17, 4 = z + z - 4*t. Suppose 0 = -u + 3*n - 2, -z*n = -13 + 1. List the prime factors of u.
7
Let s(l) = -l**3 + 9*l**2 - 17*l + 12. Let a be s(4). Suppose 12164 = a*n - 9340. List the prime factors of n.
2, 7
What are the prime factors of 17241/2 + ((-30)/(-20))/(3/5)?
8623
Let o be 260*2/(0 - (-8)/(-3)). Let g = o - -403. List the prime factors of g.
2, 13
Suppose -3*w + 4*z - 1222 = -5*w, 5*w = 5*z + 2980. Let a = w + -167. List the prime factors of a.
2, 7, 31
Let i(b) = -6*b + b**2 - 4 - 6 + 1. Let s be i(-15). Suppose -5*l = -2*c - 775 + s, -182 = -2*l - 2*c. List the prime factors of l.
3, 31
Let g be (-64)/(0 - -1)*(1 - -5). Let f = g - -918. List the prime factors of f.
2, 3, 89
Suppose -w + 5089 = 3*v, -7*w + 35641 = -63*v + 66*v. List the prime factors of w.
2, 19, 67
Let m be (-1 - -2) + 0 - 11*2. Let q(i) = -i**3 - 21*i**2 - i - 10. Let z be q(m). Let o(l) = l**2 - 6*l - 10. List the prime factors of o(z).
3, 5
Let k = 4535 + 11972. What are the prime factors of k?
17, 971
Let t(r) = -5*r**3 - 17*r**2 + 18*r - 10. Let p(d) = -2*d**3 - d**2. Let i(f) = 2*p(f) - t(f). List the prime factors of i(-12).
2, 7, 47
Let g be 2/5 + (-1)/((-15)/54). Suppose 60*f - 59*f - g = 0. What are the prime factors of 3/((-486)/122 + f)?
3, 61
Suppose 1470161 = -501*o + 532*o - 90596. What are the prime factors of o?
11, 23, 199
Suppose -7134 = -2*g - y + 93082, -4*y + 100234 = 2*g. What are the prime factors of g?
5, 11, 911
Let v(h) = -h**2 + 17*h - 35. Let k be v(16). Let n = k + 25. Let a(u) = u**3 - 3*u**2 - 6*u - 8. List the prime factors of a(n).
2
Let q(g) = 34*g**2 - 95*g + 1919. List the prime factors of q(25).
2, 37, 281
Suppose 25 = -19*l + 24*l. Suppose 7*v - 203 = 6*v - 3*u, -2*v - l*u + 406 = 0. List the prime factors of v.
7, 29
Let u = 56 + -57. Let v = 7 + u. List the prime factors of -1*(-9 + -1)*v/4.
3, 5
Let y = 35 - 31. Suppose 4 = -y*x + 5*x. Suppose g - 239 = -2*z, -481 = -x*z - 4*g + 3*g. List the prime factors of z.
11
Let y(i) = 6*i**2 - 14*i - 41. Let k be y(-5). Suppose -4*j - 208 = b - 6*b, 0 = 4*b + j - k. What are the prime factors of b?
2, 11
Suppose -51*a + 52*a - 83 = 0. Let w be a/5 - (2 - 12/5). Suppose -888 - 1424 = -w*i. What are the prime factors of i?
2, 17
Let m(z) = -z**3 + 4*z**2 - 8*z + 10. Let o be m(2). Suppose o*f + 715 = 5*k, -f = -5*k - 5*f + 685. List the prime factors of k.
3, 47
Let n(o) = 94*o**2 + 438*o - 328. What are the prime factors of n(-26)?
2, 3, 7, 617
Suppose 7*x = 89*x - 38294. What are the prime factors of x?
467
Suppose 8*z - 10*z = -778. Suppose z - 75 = k. List the prime factors of k.
2, 157
Let h(o) = 47*o**2 + 14*o - 264. What are the prime factors of h(11)?
3, 11, 13
Suppose 0 = 2*y, 69 = -2*o + 3*y + 17. List the prime factors of (0 + (-17)/2)/(13/o).
17
Let z be ((-3)/5)/(3/(-15)). Let s = 1946 + -1931. Suppose 78 = z*c + 3*x + s, -4*c + 84 = -2*x. List the prime factors of c.
3, 7
Suppose 4*f + 11 = -5. Let t(u) be the second derivative of -5*u**3 + 3*u**2 + 2*u + 6. What are the prime factors of t(f)?
2, 3, 7
Suppose n + 1002 = 8287. List the prime factors of n.
5, 31, 47
What are the prime factors of 348 - 8*(-91)/52?
2, 181
Let p = -9 + -44. Let i = p + 52. List the prime factors of 84*i/(-6)*9.
2, 3, 7
What are the prime factors of (11 + -6)*2792/(-30)*(2 + -8)?
2, 349
Suppose -12*t + 10*t - 8 = 0, -5*o = 3*t - 188. Let d = 49 - o. Suppose -d*r = -